{"id":839,"date":"2021-03-04T16:26:06","date_gmt":"2021-03-04T19:26:06","guid":{"rendered":"http:\/\/focotocantinense.com.br\/?page_id=839"},"modified":"2021-03-04T16:44:20","modified_gmt":"2021-03-04T19:44:20","slug":"gurupi","status":"publish","type":"page","link":"https:\/\/focotocantinense.com.br\/?page_id=839","title":{"rendered":"Gurupi"},"content":{"rendered":"\n<p>Gurupi<br>Tocantins &#8211; TO<\/p>\n\n\n\n<p>Hist\u00f3rico<\/p>\n\n\n\n<p>Gurupi teve como primitivos habitantes os \u00edndios xerentes, que aos poucos foram se afastando, em conseq\u00fc\u00eancia da presen\u00e7a dos primeiros desbravadores, atra\u00eddos pelas descobertas de manch\u00f5es de cristal e, principalmente, com o objetivo de formar fazendas de cria\u00e7\u00e3o e agricultura.<br>O top\u00f4nimo Gurupi, escolhido na \u00e9poca, significa diamante puro: Guru = diamante; PI = puro.<br>A descoberta do local ocorreu em 1932, quando Benjamin Rodrigues por ali penetrou campeando uma tropa de burros que lhe escapara no munic\u00edpio de Peixe. Entretanto, somente a partir de 1946 \u00e9 que exploradores, procedentes de Duer\u00e9, Porto Nacional e outras regi\u00f5es do norte, fixaram-se no lugar, dando in\u00edcio a forma\u00e7\u00e3o do arraial. Concorreu fortemente para o seu desenvolvimento a inclus\u00e3o de Gurupi no projeto da rodovia BR-14, ou Bel\u00e9m-Bras\u00edlia, quando se fez uma planta r\u00fastica da cidade, com localiza\u00e7\u00e3o da igreja matriz e a abertura das principais avenidas.<br>Com a constante chegada de colonos e aventureiros, o crescimento das lavouras e da cria\u00e7\u00e3o de gado, as cabanas de pau-a-pique e ranchos de sap\u00e9 foram cedendo lugar a constru\u00e7\u00f5es s\u00f3lidas de alvenaria; ainda no in\u00edcio da d\u00e9cada de 1950. Em 1956, elevou-se o povoado a Distrito, pertecente a Porto Nacional e, em 1958, alcan\u00e7ou sua emancipa\u00e7\u00e3o pol\u00edtico-administrativa, dando-se a instala\u00e7\u00e3o no ano seguinte.<br>Gurupi recebeu consider\u00e1vel impulso com a chegada da rodovia Bel\u00e9m-Bras\u00edlia em agosto de 1957 e, hoje, se estende ao longo das margens da rodovia.<\/p>\n\n\n\n<p>Gent\u00edlico: gurupiense.<\/p>\n\n\n\n<p>Forma\u00e7\u00e3o Administrativa<\/p>\n\n\n\n<p>O DISTRITO foi criado em 9 de outubro de 1956 pela Lei n\u00ba 251 e o Munic\u00edpio, em 14 de novembro de 1958, pela Lei Estadual n\u00ba 2.140.<br>Atualmente, comp\u00f5em-no o distrito de: Gurupi (Sede).<\/p>\n\n\n\n<h2 class=\"wp-block-heading\">Fonte<\/h2>\n\n\n\n<p>Fonte: IBGE<\/p>\n\n\n\n<figure class=\"wp-block-gallery alignwide columns-3 is-cropped wp-block-gallery-1 is-layout-flex wp-block-gallery-is-layout-flex\"><ul class=\"blocks-gallery-grid\"><li class=\"blocks-gallery-item\"><figure><img loading=\"lazy\" decoding=\"async\" width=\"599\" height=\"600\" src=\"http:\/\/focotocantinense.com.br\/wp-content\/uploads\/2021\/03\/image2.jpg\" alt=\"\" data-id=\"845\" data-link=\"http:\/\/focotocantinense.com.br\/gurupi\/image2\/\" class=\"wp-image-845\" srcset=\"https:\/\/focotocantinense.com.br\/wp-content\/uploads\/2021\/03\/image2.jpg 599w, https:\/\/focotocantinense.com.br\/wp-content\/uploads\/2021\/03\/image2-300x300.jpg 300w, https:\/\/focotocantinense.com.br\/wp-content\/uploads\/2021\/03\/image2-150x150.jpg 150w\" sizes=\"auto, (max-width: 599px) 100vw, 599px\" \/><\/figure><\/li><li class=\"blocks-gallery-item\"><figure><img loading=\"lazy\" decoding=\"async\" width=\"600\" height=\"586\" src=\"http:\/\/focotocantinense.com.br\/wp-content\/uploads\/2021\/03\/image1.jpg\" alt=\"\" data-id=\"844\" data-link=\"http:\/\/focotocantinense.com.br\/gurupi\/image1\/\" class=\"wp-image-844\" srcset=\"https:\/\/focotocantinense.com.br\/wp-content\/uploads\/2021\/03\/image1.jpg 600w, https:\/\/focotocantinense.com.br\/wp-content\/uploads\/2021\/03\/image1-300x293.jpg 300w\" sizes=\"auto, (max-width: 600px) 100vw, 600px\" \/><\/figure><\/li><li class=\"blocks-gallery-item\"><figure><img loading=\"lazy\" decoding=\"async\" width=\"600\" height=\"591\" src=\"http:\/\/focotocantinense.com.br\/wp-content\/uploads\/2021\/03\/image3.jpg\" alt=\"\" data-id=\"846\" data-link=\"http:\/\/focotocantinense.com.br\/gurupi\/image3\/\" class=\"wp-image-846\" srcset=\"https:\/\/focotocantinense.com.br\/wp-content\/uploads\/2021\/03\/image3.jpg 600w, https:\/\/focotocantinense.com.br\/wp-content\/uploads\/2021\/03\/image3-300x296.jpg 300w\" sizes=\"auto, (max-width: 600px) 100vw, 600px\" \/><\/figure><\/li><li class=\"blocks-gallery-item\"><figure><img loading=\"lazy\" decoding=\"async\" width=\"584\" height=\"600\" src=\"http:\/\/focotocantinense.com.br\/wp-content\/uploads\/2021\/03\/image4.jpg\" alt=\"\" data-id=\"847\" data-link=\"http:\/\/focotocantinense.com.br\/gurupi\/image4\/\" class=\"wp-image-847\" srcset=\"https:\/\/focotocantinense.com.br\/wp-content\/uploads\/2021\/03\/image4.jpg 584w, https:\/\/focotocantinense.com.br\/wp-content\/uploads\/2021\/03\/image4-292x300.jpg 292w\" sizes=\"auto, (max-width: 584px) 100vw, 584px\" \/><\/figure><\/li><li class=\"blocks-gallery-item\"><figure><img loading=\"lazy\" decoding=\"async\" width=\"596\" height=\"600\" src=\"http:\/\/focotocantinense.com.br\/wp-content\/uploads\/2021\/03\/image5.jpg\" alt=\"\" data-id=\"848\" data-link=\"http:\/\/focotocantinense.com.br\/gurupi\/image5\/\" class=\"wp-image-848\" srcset=\"https:\/\/focotocantinense.com.br\/wp-content\/uploads\/2021\/03\/image5.jpg 596w, https:\/\/focotocantinense.com.br\/wp-content\/uploads\/2021\/03\/image5-298x300.jpg 298w, https:\/\/focotocantinense.com.br\/wp-content\/uploads\/2021\/03\/image5-150x150.jpg 150w\" sizes=\"auto, (max-width: 596px) 100vw, 596px\" \/><\/figure><\/li><li class=\"blocks-gallery-item\"><figure><img loading=\"lazy\" decoding=\"async\" width=\"593\" height=\"600\" src=\"http:\/\/focotocantinense.com.br\/wp-content\/uploads\/2021\/03\/image8.jpg\" alt=\"\" data-id=\"849\" data-link=\"http:\/\/focotocantinense.com.br\/gurupi\/image8\/\" class=\"wp-image-849\" srcset=\"https:\/\/focotocantinense.com.br\/wp-content\/uploads\/2021\/03\/image8.jpg 593w, https:\/\/focotocantinense.com.br\/wp-content\/uploads\/2021\/03\/image8-297x300.jpg 297w\" sizes=\"auto, (max-width: 593px) 100vw, 593px\" \/><\/figure><\/li><li class=\"blocks-gallery-item\"><figure><img loading=\"lazy\" decoding=\"async\" width=\"595\" height=\"600\" src=\"http:\/\/focotocantinense.com.br\/wp-content\/uploads\/2021\/03\/image7.jpg\" alt=\"\" data-id=\"850\" data-link=\"http:\/\/focotocantinense.com.br\/gurupi\/image7\/\" class=\"wp-image-850\" srcset=\"https:\/\/focotocantinense.com.br\/wp-content\/uploads\/2021\/03\/image7.jpg 595w, https:\/\/focotocantinense.com.br\/wp-content\/uploads\/2021\/03\/image7-298x300.jpg 298w, https:\/\/focotocantinense.com.br\/wp-content\/uploads\/2021\/03\/image7-150x150.jpg 150w\" sizes=\"auto, (max-width: 595px) 100vw, 595px\" \/><\/figure><\/li><li class=\"blocks-gallery-item\"><figure><img loading=\"lazy\" decoding=\"async\" width=\"600\" height=\"587\" src=\"http:\/\/focotocantinense.com.br\/wp-content\/uploads\/2021\/03\/image11.jpg\" alt=\"\" data-id=\"851\" data-full-url=\"http:\/\/focotocantinense.com.br\/wp-content\/uploads\/2021\/03\/image11.jpg\" data-link=\"http:\/\/focotocantinense.com.br\/gurupi\/image11\/\" class=\"wp-image-851\" srcset=\"https:\/\/focotocantinense.com.br\/wp-content\/uploads\/2021\/03\/image11.jpg 600w, https:\/\/focotocantinense.com.br\/wp-content\/uploads\/2021\/03\/image11-300x294.jpg 300w\" sizes=\"auto, (max-width: 600px) 100vw, 600px\" \/><\/figure><\/li><\/ul><\/figure>\n","protected":false},"excerpt":{"rendered":"<p>GurupiTocantins &#8211; TO Hist\u00f3rico Gurupi teve como primitivos habitantes os \u00edndios xerentes, que aos poucos foram se afastando, em conseq\u00fc\u00eancia da presen\u00e7a dos primeiros desbravadores, atra\u00eddos pelas descobertas de manch\u00f5es de cristal e, principalmente, com o objetivo de formar fazendas de cria\u00e7\u00e3o e agricultura.O top\u00f4nimo Gurupi, escolhido na \u00e9poca, significa diamante puro: Guru = diamante; &hellip;<\/p>\n","protected":false},"author":1,"featured_media":749,"parent":0,"menu_order":0,"comment_status":"closed","ping_status":"closed","template":"","meta":{"footnotes":""},"class_list":["post-839","page","type-page","status-publish","has-post-thumbnail",""],"_links":{"self":[{"href":"https:\/\/focotocantinense.com.br\/index.php?rest_route=\/wp\/v2\/pages\/839","targetHints":{"allow":["GET"]}}],"collection":[{"href":"https:\/\/focotocantinense.com.br\/index.php?rest_route=\/wp\/v2\/pages"}],"about":[{"href":"https:\/\/focotocantinense.com.br\/index.php?rest_route=\/wp\/v2\/types\/page"}],"author":[{"embeddable":true,"href":"https:\/\/focotocantinense.com.br\/index.php?rest_route=\/wp\/v2\/users\/1"}],"replies":[{"embeddable":true,"href":"https:\/\/focotocantinense.com.br\/index.php?rest_route=%2Fwp%2Fv2%2Fcomments&post=839"}],"version-history":[{"count":2,"href":"https:\/\/focotocantinense.com.br\/index.php?rest_route=\/wp\/v2\/pages\/839\/revisions"}],"predecessor-version":[{"id":852,"href":"https:\/\/focotocantinense.com.br\/index.php?rest_route=\/wp\/v2\/pages\/839\/revisions\/852"}],"wp:featuredmedia":[{"embeddable":true,"href":"https:\/\/focotocantinense.com.br\/index.php?rest_route=\/wp\/v2\/media\/749"}],"wp:attachment":[{"href":"https:\/\/focotocantinense.com.br\/index.php?rest_route=%2Fwp%2Fv2%2Fmedia&parent=839"}],"curies":[{"name":"wp","href":"https:\/\/api.w.org\/{rel}","templated":true}]}}

<p>Gurupi<br>Tocantins &#8211; TO</p>



<p>Histórico</p>



<p>Gurupi teve como primitivos habitantes os índios xerentes, que aos poucos foram se afastando, em conseqüência da presença dos primeiros desbravadores, atraídos pelas descobertas de manchões de cristal e, principalmente, com o objetivo de formar fazendas de criação e agricultura.<br>O topônimo Gurupi, escolhido na época, significa diamante puro: Guru = diamante; PI = puro.<br>A descoberta do local ocorreu em 1932, quando Benjamin Rodrigues por ali penetrou campeando uma tropa de burros que lhe escapara no município de Peixe. Entretanto, somente a partir de 1946 é que exploradores, procedentes de Dueré, Porto Nacional e outras regiões do norte, fixaram-se no lugar, dando início a formação do arraial. Concorreu fortemente para o seu desenvolvimento a inclusão de Gurupi no projeto da rodovia BR-14, ou Belém-Brasília, quando se fez uma planta rústica da cidade, com localização da igreja matriz e a abertura das principais avenidas.<br>Com a constante chegada de colonos e aventureiros, o crescimento das lavouras e da criação de gado, as cabanas de pau-a-pique e ranchos de sapé foram cedendo lugar a construções sólidas de alvenaria; ainda no início da década de 1950. Em 1956, elevou-se o povoado a Distrito, pertecente a Porto Nacional e, em 1958, alcançou sua emancipação político-administrativa, dando-se a instalação no ano seguinte.<br>Gurupi recebeu considerável impulso com a chegada da rodovia Belém-Brasília em agosto de 1957 e, hoje, se estende ao longo das margens da rodovia.</p>



<p>Gentílico: gurupiense.</p>



<p>Formação Administrativa</p>



<p>O DISTRITO foi criado em 9 de outubro de 1956 pela Lei nº 251 e o Município, em 14 de novembro de 1958, pela Lei Estadual nº 2.140.<br>Atualmente, compõem-no o distrito de: Gurupi (Sede).</p>



<h2 class="wp-block-heading">Fonte</h2>



<p>Fonte: IBGE</p>



<figure class="wp-block-gallery alignwide columns-3 is-cropped wp-block-gallery-1 is-layout-flex wp-block-gallery-is-layout-flex"><ul class="blocks-gallery-grid"><li class="blocks-gallery-item"><figure><img loading="lazy" decoding="async" width="599" height="600" src="http://focotocantinense.com.br/wp-content/uploads/2021/03/image2.jpg" alt="" data-id="845" data-link="http://focotocantinense.com.br/gurupi/image2/" class="wp-image-845" srcset="https://focotocantinense.com.br/wp-content/uploads/2021/03/image2.jpg 599w, https://focotocantinense.com.br/wp-content/uploads/2021/03/image2-300x300.jpg 300w, https://focotocantinense.com.br/wp-content/uploads/2021/03/image2-150x150.jpg 150w" sizes="auto, (max-width: 599px) 100vw, 599px" /></figure></li><li class="blocks-gallery-item"><figure><img loading="lazy" decoding="async" width="600" height="586" src="http://focotocantinense.com.br/wp-content/uploads/2021/03/image1.jpg" alt="" data-id="844" data-link="http://focotocantinense.com.br/gurupi/image1/" class="wp-image-844" srcset="https://focotocantinense.com.br/wp-content/uploads/2021/03/image1.jpg 600w, https://focotocantinense.com.br/wp-content/uploads/2021/03/image1-300x293.jpg 300w" sizes="auto, (max-width: 600px) 100vw, 600px" /></figure></li><li class="blocks-gallery-item"><figure><img loading="lazy" decoding="async" width="600" height="591" src="http://focotocantinense.com.br/wp-content/uploads/2021/03/image3.jpg" alt="" data-id="846" data-link="http://focotocantinense.com.br/gurupi/image3/" class="wp-image-846" srcset="https://focotocantinense.com.br/wp-content/uploads/2021/03/image3.jpg 600w, https://focotocantinense.com.br/wp-content/uploads/2021/03/image3-300x296.jpg 300w" sizes="auto, (max-width: 600px) 100vw, 600px" /></figure></li><li class="blocks-gallery-item"><figure><img loading="lazy" decoding="async" width="584" height="600" src="http://focotocantinense.com.br/wp-content/uploads/2021/03/image4.jpg" alt="" data-id="847" data-link="http://focotocantinense.com.br/gurupi/image4/" class="wp-image-847" srcset="https://focotocantinense.com.br/wp-content/uploads/2021/03/image4.jpg 584w, https://focotocantinense.com.br/wp-content/uploads/2021/03/image4-292x300.jpg 292w" sizes="auto, (max-width: 584px) 100vw, 584px" /></figure></li><li class="blocks-gallery-item"><figure><img loading="lazy" decoding="async" width="596" height="600" src="http://focotocantinense.com.br/wp-content/uploads/2021/03/image5.jpg" alt="" data-id="848" data-link="http://focotocantinense.com.br/gurupi/image5/" class="wp-image-848" srcset="https://focotocantinense.com.br/wp-content/uploads/2021/03/image5.jpg 596w, https://focotocantinense.com.br/wp-content/uploads/2021/03/image5-298x300.jpg 298w, https://focotocantinense.com.br/wp-content/uploads/2021/03/image5-150x150.jpg 150w" sizes="auto, (max-width: 596px) 100vw, 596px" /></figure></li><li class="blocks-gallery-item"><figure><img loading="lazy" decoding="async" width="593" height="600" src="http://focotocantinense.com.br/wp-content/uploads/2021/03/image8.jpg" alt="" data-id="849" data-link="http://focotocantinense.com.br/gurupi/image8/" class="wp-image-849" srcset="https://focotocantinense.com.br/wp-content/uploads/2021/03/image8.jpg 593w, https://focotocantinense.com.br/wp-content/uploads/2021/03/image8-297x300.jpg 297w" sizes="auto, (max-width: 593px) 100vw, 593px" /></figure></li><li class="blocks-gallery-item"><figure><img loading="lazy" decoding="async" width="595" height="600" src="http://focotocantinense.com.br/wp-content/uploads/2021/03/image7.jpg" alt="" data-id="850" data-link="http://focotocantinense.com.br/gurupi/image7/" class="wp-image-850" srcset="https://focotocantinense.com.br/wp-content/uploads/2021/03/image7.jpg 595w, https://focotocantinense.com.br/wp-content/uploads/2021/03/image7-298x300.jpg 298w, https://focotocantinense.com.br/wp-content/uploads/2021/03/image7-150x150.jpg 150w" sizes="auto, (max-width: 595px) 100vw, 595px" /></figure></li><li class="blocks-gallery-item"><figure><img loading="lazy" decoding="async" width="600" height="587" src="http://focotocantinense.com.br/wp-content/uploads/2021/03/image11.jpg" alt="" data-id="851" data-full-url="http://focotocantinense.com.br/wp-content/uploads/2021/03/image11.jpg" data-link="http://focotocantinense.com.br/gurupi/image11/" class="wp-image-851" srcset="https://focotocantinense.com.br/wp-content/uploads/2021/03/image11.jpg 600w, https://focotocantinense.com.br/wp-content/uploads/2021/03/image11-300x294.jpg 300w" sizes="auto, (max-width: 600px) 100vw, 600px" /></figure></li></ul></figure>

<p>GurupiTocantins &#8211; TO Histórico Gurupi teve como primitivos habitantes os índios xerentes, que aos poucos foram se afastando, em conseqüência da presença dos primeiros desbravadores, atraídos pelas descobertas de manchões de cristal e, principalmente, com o objetivo de formar fazendas de criação e agricultura.O topônimo Gurupi, escolhido na época, significa diamante puro: Guru = diamante; &hellip;</p>
